 is -12221 (base 3) in base 7?
-316
What is 146 (base 14) in base 12?
196
38 (base 11) to base 10
41
Convert -9 (base 11) to base 15.
-9
What is 10 (base 12) in base 10?
12
What is 99 (base 15) in base 7?
264
0 (base 14) to base 16
0
-11011 (base 2) to base 4
-123
What is 32 (base 5) in base 4?
101
What is -100 (base 2) in base 16?
-4
110 (base 13) to base 10
182
Convert -35 (base 10) to base 12.
-2b
-67 (base 12) to base 2
-1001111
What is 22 (base 13) in base 7?
40
Convert -17 (base 10) to base 9.
-18
What is -1 (base 2) in base 13?
-1
What is -39 (base 13) in base 5?
-143
What is 0 (base 14) in base 13?
0
6 (base 15) to base 12
6
Convert -10 (base 6) to base 12.
-6
-11 (base 12) to base 3
-111
Convert 1110 (base 5) to base 14.
b1
Convert 129 (base 14) to base 6.
1025
Convert -20 (base 5) to base 6.
-14
What is 103 (base 5) in base 12?
24
142 (base 5) to base 15
32
Convert -34 (base 8) to base 13.
-22
What is 1010110 (base 2) in base 14?
62
What is 14 (base 9) in base 13?
10
What is 1100110 (base 2) in base 11?
93
-2111 (base 3) to base 6
-151
4 (base 7) to base 4
10
Convert -1 (base 15) to base 3.
-1
f (base 16) to base 15
10
What is -3 (base 7) in base 4?
-3
Convert 1021 (base 3) to base 2.
100010
Convert 1 (base 14) to base 10.
1
Convert -1 (base 16) to base 11.
-1
Convert 10000011 (base 2) to base 12.
ab
5 (base 13) to base 3
12
Convert -48 (base 11) to base 13.
-40
Convert -12 (base 3) to base 8.
-5
What is 111 (base 9) in base 14?
67
Convert -32 (base 13) to base 10.
-41
Convert -3 (base 4) to base 12.
-3
Convert 3 (base 16) to base 8.
3
300 (base 8) to base 4
3000
Convert -2 (base 12) to base 7.
-2
What is -10111 (base 2) in base 4?
-113
Convert 10 (base 4) to base 7.
4
Convert -6 (base 16) to base 6.
-10
-13 (base 15) to base 14
-14
Convert 46 (base 13) to base 15.
3d
Convert -6 (base 16) to base 3.
-20
Convert -2 (base 16) to base 14.
-2
What is -55 (base 8) in base 9?
-50
10 (base 3) to base 5
3
-15 (base 11) to base 3
-121
What is -7 (base 10) in base 14?
-7
-1a (base 12) to base 16
-16
What is -53 (base 6) in base 5?
-113
What is -550 (base 6) in base 7?
-420
-3c (base 15) to base 12
-49
Convert -32 (base 8) to base 14.
-1c
Convert 3 (base 16) to base 15.
3
What is -29 (base 16) in base 8?
-51
Convert 212 (base 4) to base 14.
2a
Convert 11 (base 6) to base 7.
10
Convert 5 (base 10) to base 14.
5
What is -5 (base 16) in base 6?
-5
Convert 7 (base 8) to base 15.
7
What is 60 (base 13) in base 2?
1001110
Convert 10012 (base 3) to base 4.
1112
Convert -1103 (base 6) to base 9.
-313
Convert -423 (base 5) to base 2.
-1110001
What is -4 (base 15) in base 2?
-100
Convert -50 (base 13) to base 10.
-65
43 (base 14) to base 5
214
What is 2 (base 14) in base 15?
2
What is 53 (base 10) in base 14?
3b
-29 (base 16) to base 4
-221
Convert 233 (base 7) to base 6.
322
Convert 43 (base 5) to base 4.
113
10 (base 5) to base 13
5
Convert -37 (base 14) to base 4.
-301
24 (base 7) to base 5
33
What is -45 (base 9) in base 15?
-2b
-10 (base 2) to base 14
-2
-2 (base 12) to base 6
-2
341 (base 5) to base 9
116
What is 18 (base 9) in base 11?
16
-12 (base 5) to base 16
-7
-10 (base 8) to base 6
-12
0 (base 9) to base 12
0
Convert -1ba (base 12) to base 5.
-2121
What is -20 (base 3) in base 7?
-6
Convert -9 (base 13) to base 7.
-12
What is 12 (base 4) in base 2?
110
Convert 32 (base 15) to base 5.
142
What is -3 (base 5) in base 16?
-3
-66 (base 13) to base 16
-54
What is -110000 (base 2) in base 15?
-33
Convert -11 (base 11) to base 4.
-30
What is -29 (base 16) in base 2?
-101001
What is 1a (base 14) in base 4?
120
-56 (base 14) to base 11
-6a
Convert -2 (base 12) to base 7.
-2
-8b (base 14) to base 4
-1323
What is 25 (base 12) in base 2?
11101
Convert -11 (base 6) to base 13.
-7
What is 11 (base 6) in base 10?
7
-153 (base 7) to base 3
-10020
What is 206 (base 7) in base 13?
80
22 (base 3) to base 16
8
What is 1 (base 6) in base 9?
1
What is 2 (base 15) in base 13?
2
Convert -54 (base 11) to base 9.
-65
-7c (base 13) to base 8
-147
What is -20 (base 7) in base 10?
-14
Convert -3 (base 5) to base 2.
-11
Convert 9 (base 16) to base 10.
9
What is 2 (base 8) in base 15?
2
What is 3 (base 12) in base 11?
3
Convert 3 (base 7) to base 13.
3
What is 40 (base 7) in base 12?
24
-413 (base 5) to base 8
-154
Convert -3 (base 12) to base 3.
-10
Convert -5 (base 6) to base 12.
-5
What is -15 (base 8) in base 9?
-14
Convert 3 (base 4) to base 5.
3
-3 (base 6) to base 15
-3
3 (base 14) to base 16
3
Convert 1b (base 16) to base 11.
25
What is -11010010 (base 2) in base 6?
-550
a (base 12) to base 7
13
What is -4 (base 6) in base 3?
-11
Convert 2 (base 11) to base 6.
2
Convert -4 (base 11) to base 2.
-100
a (base 13) to base 4
22
Convert 57 (base 15) to base 6.
214
-13 (base 5) to base 9
-8
3 (base 5) to base 3
10
Convert -3 (base 7) to base 11.
-3
-12 (base 11) to base 9
-14
222 (base 3) to base 15
1b
What is -38 (base 13) in base 3?
-1202
Convert -312 (base 10) to base 15.
-15c
What is -5 (base 11) in base 7?
-5
Convert 6 (base 16) to base 11.
6
2 (base 4) to base 8
2
Convert -27 (base 13) to base 14.
-25
What is -61 (base 7) in base 11?
-3a
-4 (base 10) to base 11
-4
What is 38 (base 14) in base 9?
55
What is 0 (base 11) in base 15?
0
Convert -16 (base 16) to base 3.
-211
What is 7 (base 16) in base 2?
111
What is 2 (base 8) in base 4?
2
10 (base 10) to base 7
13
25 (base 12) to base 15
1e
What is -1 (base 10) in base 4?
-1
-117 (base 13) to base 9
-230
What is -202 (base 6) in base 8?
-112
-10c (base 16) to base 10
-268
What is -3 (base 14) in base 4?
-3
What is -b (base 13) in base 6?
-15
Convert -16 (base 13) to base 6.
-31
What is 1 (base 14) in base 3?
1
-4 (base 5) to base 12
-4
-25 (base 6) to base 7
-23
What is 10000 (base 2) in base 9?
17
What is -12 (base 16) in base 14?
-14
Convert -1 (base 4) to base 13.
-1
Convert 15 (base 8) to base 5.
23
What is -25 (base 6) in base 5?
-32
What is -76 (base 14) in base 6?
-252
What is -29 (base 11) in base 15?
-21
ac (base 14) to base 13
b9
What is 1 (base 7) in base 2?
1
-100010 (base 3) to base 6
-1050
Convert -563 (base 7) to base 10.
-290
0 (base 6) to base 5
0
What is -220 (base 4) in base 3?
-1111
201 (base 8) to base 5
1004
b (base 14) to base 12
b
What is 2 (base 6) in base 11?
2
-101 (base 3) to base 6
-14
c3 (base 16) to base 14
dd
Convert -1 (base 11) to base 3.
-1
3 (base 7) to base 5
3
Convert 5 (base 6) to base 11.
5
-10 (base 2) to base 14
-2
Convert 5 (base 12) to base 2.
101
1 (base 13) to base 16
1
-21 (base 3) to base 6
-11
-6e (base 15) to base 9
-125
212 (base 3) to base 16
17
Convert 15 (base 6) to base 2.
1011
-101 (base 13) to base 11
-145
-18 (base 14) to base 9
-24
Convert -7 (base 16) to base 9.
-7
Convert 1101 (base 2) to base 5.
23
Convert 10112 (base 3) to base 11.
87
What is 3 (base 12) in base 13?
3
11111 (base 3) to base 16
79
-2 (base 12) to base 8
-2
55 (base 14) to base 16
4b
What is 10 (base 9) in base 3?
100
-11 (base 12) to base 4
-31
What is 53 (base 7) in base 2?
100110
What is 1 (base 9) in base 13?
1
7 (base 14) to base 4
13
What is 1001111 (base 2) in base 4?
1033
Convert -21 (base 3) to base 16.
-7
Convert -1 (base 13) to base 14.
-1
What is 22001 (base 3) in base 12?
161
What is 0 (base 15) in base 6?
0
50 (base 9) to base 8
55
Convert 4 (base 15) to base 9.
4
What is d1 (base 14) in base 4?
2313
What is -200 (base 6) in base 5?
-242
What is -49 (base 16) in base 3?
-2201
-122 (base 5) to base 7
-52
What is 4 (base 9) in base 16?
4
Convert -5 (base 8) to base 14.
-5
What is 137 (base 14) in base 16?
f5
What is -2 (base 15) in base 3?
-2
What is -17 (base 12) in base 7?
-25
2 (base 3) to base 12
2
What is 1 (base 5) in base 4?
1
Convert 6 (base 15) to base 13.
6
1020 (base 5) to base 6
343
Convert 16 (base 12) to base 8.
22
Convert 1 (base 8) to base 12.
1
Convert -13 (base 11) to base 3.
-112
What is -100111 (base 2) in base 14?
-2b
Convert -9b (base 15) to base 2.
-10010010
-2 (base 12) to base 10
-2
0 (base 4) to base 5
0
Convert -8 (base 9) to base 11.
-8
-3 (base 9) to base 13
-3
Convert -1 (base 10) to base 7.
-1
0 (base 16) to base 9
0
-3 (base 8) to base 16
-3
What is 231 (base 4) in base 15?
30
-4 (base 14) to base 9
-4
Convert 7 (base 9) to base 5.
12
1010 (bas